uppose -5*r - 19 = 7*f, -r - 115 = -121. What is n(f)?
-5
Let m(l) = -7*l**3 - 60*l**2 - 3*l - 11. Let x(q) = q**3 + 8*q**2 - 3*q. Let c(o) = -m(o) - 6*x(o). Give c(-10).
1
Let d(h) = h + 29. Suppose 4*y + 4*n = -64, n + 5 = 6. What is d(y)?
12
Let y(a) = a**3 - 17*a**2 - 4*a + 71. Let s = -14103 + 14120. Give y(s).
3
Let p(y) = -y**2 - 10*y + 21. Let g(f) = -f + 3. Suppose -8 = 3*d - 5*j, 5 = 5*d - j + 11. Let h(u) = d*p(u) + 3*g(u). Give h(-9).
6
Let h(i) = 5*i**2 - 32*i - 76. Let z(q) = q**2 - 5*q + 1. Let w(n) = -h(n) + 6*z(n). Give w(0).
82
Let r(q) be the first derivative of 5*q**2/2 - 4*q + 1218. Determine r(2).
6
Let s(p) be the first derivative of 19*p - 1/4*p**4 + 1/3*p**3 + 78 + 1/2*p**2. What is s(0)?
19
Suppose -32*d - 32 - 202 = -110*d. Let l(r) = r**3 - 6*r**2 + 4*r. What is l(d)?
-15
Let i(z) = -4 + z**3 + 19 - 2 + 16*z**2 - 16*z - 4 + 12. Calculate i(-17).
4
Let h(s) = s**2 + 3*s - 3. Let n(o) be the second derivative of o**4/6 + 28*o**3/3 - 31*o**2 + 7*o + 6. Let j be n(-29). Give h(j).
1
Let d(x) = 2*x**3 + 4*x**2 + 4. Let a be (-4)/((110/15)/(-11)). Suppose -a*o + 103 = 121. Calculate d(o).
-14
Suppose 4*x = 4*g - 452, 7*g - 5*g - 4*x = 228. Let c(a) = 1 + 5 - 6*a + 7*a**3 + 4*a**3 + g*a**2 - 10*a**3 - 115*a**2. Calculate c(4).
-2
Let r = -2172 + 2178. Let g(i) = i**3 - 7*i**2 + 3*i + 6. What is g(r)?
-12
Let l(c) = 2*c**2 - 67*c - 26. Let s(u) = -u + 6. Let v(j) = l(j) - 2*s(j). Determine v(33).
-5
Let l = -2036 - -2039. Let w(b) be the first derivative of b**2/2 + 5*b - 2. Give w(l).
8
Let n(l) = -6*l - 16*l + 17 - 21*l + 44*l + 2. Suppose 0 = -3*a - 0*a + 3*b - 21, 3*a + 11 = b. Let m = a + 2. Give n(m).
19
Let d(r) be the second derivative of -r**4/4 + 11*r**3/3 - r**2/2 + 548*r. What is d(7)?
6
Let x(j) = 4*j. Let p(b) = b**3 - 5*b**2 - 13*b. Let r be p(7). Suppose 0 = -r*u - 5 + 12. Let k = u + -2. Calculate x(k).
-4
Let z(r) be the second derivative of -r**5/20 + 11*r**4/8 + r**3/2 + 51*r**2 - 5*r - 12. Let s(v) be the first derivative of z(v). Calculate s(11).
3
Suppose 1 + 8 = 3*m. Let l(b) = b**2 + 15*b - 64. Let f be l(-28). Let q(v) = 148 - 5*v - v**3 + 5*v**2 - f + 156. Give q(m).
7
Let r(a) = -a**2 + 5*a - 1. Suppose y - 5*j = -13, 3*y - j + 6 = 3*j. Suppose 5*h - y*h = -6. Let q be ((2 - 3) + h)*(-8)/6. Give r(q).
3
Let u(s) be the second derivative of s**4/3 + s**3/3 - 2*s**2 - 2607*s. Let k = 16 - 14. What is u(k)?
16
Let p be (-6 - -20)*(-10)/20 - -6 - -14. Let v(u) = 2*u**2 - 30*u + 20. Determine v(p).
-32
Let k(s) be the first derivative of s**3 + 3*s**2/2 + 2*s + 71. Suppose -3 - 2 = q. Let p be -3*(4 + q) + -5. Calculate k(p).
8
Let s(w) be the third derivative of w**4/2 - 5*w**3/2 + 2*w**2 + 1934*w. Determine s(-7).
-99
Let c(v) = 11*v**3 - 2*v**2 - 11*v + 20. Let k(b) = -b**2 + 5*b**3 + 216 - 209 - b**3 - 4*b. Let t(m) = 3*c(m) - 8*k(m). Calculate t(-3).
-2
Let y(n) = n**2 + 25*n - 13. Let a(f) = -f**3 - 21*f**2 - 51*f - 272. Let q be a(-19). Calculate y(q).
-13
Let j(u) = 11*u**2 - 8*u + 146. Let g(x) = 4*x**2 - x + 52. Let p(c) = -8*g(c) + 3*j(c). Give p(15).
7
Let v(o) be the second derivative of -4*o**2 - 16*o + 7/12*o**4 + 1/20*o**5 + 0 - 1/6*o**3. Calculate v(-7).
-1
Let l(g) = g**3 - 2*g**2 - 11. Let s be l(4). Suppose 2*t = z + s, -z + 4*z + 9 = 0. Let m(c) = c + 6. Calculate m(t).
15
Let g(m) = m**2 + 9*m + 19. Suppose 4*l = -h + 8*l - 3, 2*h = -5*l - 19. Give g(h).
5
Let x(d) be the first derivative of d**2/2 - 4*d + 15. Let h be x(7). Let z(u) = -2*u - 10*u - 3*u**h + 11*u. Calculate z(1).
-4
Let y(c) = 11*c**2 - 22*c**2 + 7*c**2 + 5*c**2 - 7*c + 5. Let g = -22 - -27. Determine y(g).
-5
Let c(u) = u**3 + 4*u**2 - 4*u + 2. Suppose 73888*l - 73892*l = -8. Determine c(l).
18
Let d(s) = 2 - 15 + 2 - 10 - s. Give d(0).
-21
Let z(n) = 3*n**2 - n + 2. Suppose 3*r - 4*h = 8*r - 5, -5*r - 2*h + 15 = 0. Suppose a + 12 = r*i, -9*a = -i - 7*a - 3. Give z(i).
26
Suppose k - 5*k + 32 = 0. Suppose k = 10*q - 42. Suppose -14 = -4*d - 3*u + 43, 2*d = q*u + 9. Let i(p) = -2*p + 18. Give i(d).
-6
Let w(o) be the third derivative of 4/3*o**3 - 7 + 0*o + 10*o**2 + 1/12*o**4. Give w(-6).
-4
Let b(g) be the second derivative of -19*g + 5/2*g**2 - 1/12*g**4 + 0 - 1/2*g**3. What is b(-7)?
-23
Let w be (-50)/(2*-2*3/(-12)). Let t = -45 - w. Suppose 0*d + d - 10 = 2*c, -d - t = 3*c. Let k(r) = -2*r**2 + 3. Calculate k(c).
-15
Suppose 47*o - 73 = 46*o. Suppose o = -7*u + 185. Suppose -u = -19*p + 15*p. Let r(h) = -h**3 + 4*h**2 - 4. Determine r(p).
-4
Let f(l) = 4*l**2 + 12*l + 39. Let u(w) = -9*w**2 - 32*w - 79. Let j(t) = 5*f(t) + 2*u(t). What is j(5)?
67
Let u(b) = -1. Let m = 33 + -32. Let g(k) be the third derivative of k**4/24 - k**3/2 + 19*k**2. Let f(j) = m*g(j) + 5*u(j). What is f(0)?
-8
Let j = 3303 + -3297. Let d(q) = q**2 - 14*q + 51. Calculate d(j).
3
Suppose -314*i = -316*i + 12, 5*c = i + 29. Let h(t) = t**3 - 8*t**2 + 11*t - 10. Give h(c).
18
Let g be ((-5)/2)/((-1)/2). Let l be 1/(-2)*(6 - (8 - -8)). Let v(y) = -l*y - y + 2 - 5*y + 14*y - 7*y. Calculate v(g).
-18
Let v(h) = h**2 + 45*h + 500. Let q(a) = -23*a**3 - a**2 + 85*a - 84. Let z be q(1). Determine v(z).
-6
Suppose 92*x = 109*x - 51. Let h(w) = -52 - 38 + x*w**2 + 92. What is h(2)?
14
Suppose -1 = a, -d + 3*a = 8*a + 3. Let r(h) = -h**2 - 1 - 2 + 2*h - 3*h**2. Calculate r(d).
-15
Let a = 128 - 139. Let k(b) = -8 - 15*b**2 - 1 + 4*b + 7*b. Let l(q) = 8*q**2 - 6*q + 5. Let o(n) = a*l(n) - 6*k(n). Calculate o(-1).
1
Let h(y) = 65*y**2 - 2*y - 95. Let l(s) = 38*s**2 - s - 57. Let z(j) = 7*h(j) - 12*l(j). What is z(-6)?
-5
Let q(h) = 7*h**3 - 25*h**2 + 31*h + 4. Let o(u) = 3*u**3 - 12*u**2 + 14*u + 2. Let j(t) = 5*o(t) - 2*q(t). Give j(9).
-7
Let n = 16 - 3. Let u(k) = -2*k**2 + 26*k + 9. Let o be u(n). Let i(a) = o - a - 12 + 2. What is i(-5)?
4
Let p(x) = 16*x**2 - 128*x + 5. Let t = -12080 + 12088. Calculate p(t).
5
Let d(o) = 4*o - 36. Let n = -589 - -716. Let i = n + -118. What is d(i)?
0
Suppose -5*q - 568 = 4*l + 140, -3*q = 5*l + 417. Let z = 138 + q. Let d(p) be the first derivative of -p**3/3 - 9*p**2/2 - 5*p + 4. Determine d(z).
13
Suppose 590 = -8*t + 3*t + 5*k, -t + 4*k - 121 = 0. Let u = t + 122. Suppose -i - 24 = -u*i. Let q(p) = p**2 - 5*p - 7. What is q(i)?
-1
Let u = 73 - 65. Let z(v) = 6*v - 3 - u*v - 3. Let b = 3 - 7. Give z(b).
2
Let q(w) = -3*w**2 + 4*w + 8. Let i be q(8). Let d = i + 150. Let l(o) = -3*o**2 - 2*o - 1. Give l(d).
-9
Let d be 1*110/15 - 194/(-291). Let m(b) be the first derivative of -b**2 + 21*b - 1. What is m(d)?
5
Let q = 158 - 105. Suppose 3*t = 2*t + q. Suppose 44 - t = -s. Let f(c) = c - 11. What is f(s)?
-2
Let j(c) = 7 - 10 + 737*c - 731*c - 18. Let y be j(9). Let b = y + -26. Let o(g) = g**3 - 6*g**2 - 7*g - 6. Give o(b).
-6
Let i = -6 - -8. Let h(f) = -8*f**2 + 9 + 12*f**2 - 6*f - 9*f**2 - 16. Let w(q) = q**2 + 2*q + 1. Let s(z) = -h(z) - 4*w(z). Give s(i).
3
Let h(x) be the third derivative of -x**5/60 + x**4/8 + x**3/3 + 61*x**2. Let f = 24 + -21. Suppose -f = -3*o + 2*p, -2*p = 4*o - 18 - 0. Calculate h(o).
2
Let i(x) = -5*x - 2. Let b(p) = 4*p - 24. Let s be b(5). Let f(g) = -6*g - 1. Let m(l) = s*f(l) + 3*i(l). Calculate m(2).
16
Let q(o) = 10*o - 2. Suppose 141*k = 29*k - 112. Give q(k).
-12
Let h(w) = -5*w**2 + 2*w + 2. Let i(g) = 2*g**2 - 12*g - 66. Let x be i(-4). Suppose -x*a = 50 - 22. What is h(a)?
-22
Suppose -2*a + 5*a - 2*a = 0. Suppose -3*d + 74 - 65 = a. Let i(h) = 1 + d*h + 8*h - 2*h + 3*h. What is i(1)?
13
Suppose -257*v = -235*v + 330. Let b(r) = -21*r - 322. Calculate b(v).
-7
Let p(l) be the third derivative of l**6/120 - l**5/15 + l**4/24 + 2*l**3/3 + 4*l**2. Let d be p(3). Let q(t) = 124*t - 55*t - 35*t - 3 - 39*t. Determine q(d).
7
Let m(b) = -b**2 + 7*b - 4. Let z(q) = -9*q + 254. Let y be z(28). Let c be 3*(-55)/231*(-14)/y. What is m(c)?
6
Let n(x) be the first derivative of 9*x**2/2 + 81*x + 9964. What is n(-17)?
-72
Let u(f) = 4*f**2 + 72*f + 201. Let r(x) = -9*x**2 - 143*x - 397. Let n(i) = -3*r(i) - 7*u(i). Give n(-3).
0
Let y(p) = -p**3 - 3*p**2 + 17*p - 13. Suppose -114*c = 438 + 82 + 164. Determine y(c).
-7
Let p = -241 + 244. Let l(q) = 1 + 5*q + 17 - q + q**2 - p*q + 16*q. Determine l(-16).
2
Let l = 32/27 - 65/108. Let h(c) be the second derivative of -5/2*c